 - 1652 + 0*y. Let t(q) = 5*d(q) + 6*w(q). Give t(-5).
-12
Let l = 1 - 1. Suppose l = 7*k - 2*k + 20. Let c(b) = b**3 + 4*b**2 + 4*b + 3. Calculate c(k).
-13
Let b(n) = 3 - 7*n - 1 + 7*n - n. Calculate b(0).
2
Let p(a) = a**3 + 3*a**2 - 8*a + 6. Let f be p(-5). Let z(l) = -13*l + 13. Let g(n) = -3*n + 3. Let v(s) = 9*g(s) - 2*z(s). Give v(f).
5
Let b(i) = -i**2 + i + 1. Suppose -2*c - 5 = 3*c. Determine b(c).
-1
Suppose 0*s = -3*y + 3*s - 21, 4*y = -s - 33. Let o be (-5)/(-1)*y/10. Let m(n) be the second derivative of -n**4/12 - n**3 - n. Give m(o).
8
Let i(p) = -29*p + 1. Let h be i(-1). Let o be ((-2)/6)/((-5)/h). Let k(d) = -d**2 - 2*d. Give k(o).
-8
Let y(j) = -j**2 - 5*j + 4. Suppose 3 + 15 = -2*k. Let a = k + 3. Determine y(a).
-2
Suppose -20 = 5*v - 10*v. Let w(m) be the first derivative of m**3 + 1/4*m**v - 2 - 3/2*m**2 + 2*m. What is w(-4)?
-2
Let k(f) = f - 8. Let u be 2/(-7) - 132/(-21). Give k(u).
-2
Let c(z) = z - 3. Let l(a) be the first derivative of -3*a**2/2 + 8*a + 1. Let j(o) = -11*c(o) - 4*l(o). Give j(3).
4
Let p(r) be the first derivative of -r**2/2 - 9*r - 1. Suppose -5*n - 23 = 2*j - 83, 4*j = 20. Let f = n + -16. Determine p(f).
-3
Let g = -10 - -20. Suppose 0*f = -f + g. Suppose -7*z + f = -3*n - 2*z, -5*n = -2*z + 4. Let p(u) = -u + 6. Calculate p(n).
6
Let p(l) = -9*l - 7 + 8*l - 7*l**2 + 6*l**2. What is p(0)?
-7
Let o(b) be the first derivative of -b**2/2 + b - 3. Determine o(-3).
4
Let x(n) be the first derivative of -3/2*n**2 - 4/3*n**3 + 1/4*n**4 - 4*n + 2. Give x(5).
6
Let c(g) = 7 - 6*g**2 - 7*g + g**3 + 12*g**2 - 10*g**2. Give c(5).
-3
Let j = -8 + 4. Let g(s) = 2*s**3 - 9*s**2 - 7*s - 8. Let d(i) = 3*i**3 - 17*i**2 - 14*i - 15. Let p(y) = -3*d(y) + 5*g(y). Calculate p(j).
9
Let u(v) = -3*v**3 + 11*v - 9. Let b(d) = -d**3 + 6*d - 5. Let a(z) = -7*b(z) + 4*u(z). Calculate a(1).
-4
Let z(r) = -3*r**3 - 6*r**2 + 3*r + 14*r**3 + 5 - 10*r**3. What is z(5)?
-5
Let v(m) = 12*m. Let i be (12/96)/((-2)/(-16)). Determine v(i).
12
Let k(n) be the first derivative of -2*n**3/3 + 2*n**2 - 4*n + 9. Determine k(3).
-10
Let q(v) = v - 3. Let y = -4 + 8. Determine q(y).
1
Let x be -1 + 0 - -4 - 5. Let a(m) = -6*m - 3. What is a(x)?
9
Suppose 0 = -0*g + 3*g. Let l(v) = -3*v**3 + g*v**3 - 5*v + v + 3*v. Determine l(-1).
4
Suppose -3*h + 15 = -8*h. Let m be (24/(-9) - h)*3. Let c(d) = -4*d + 6*d + 4 - 3*d - m. Give c(2).
1
Let a(m) = 2*m - m + m**3 - 87 + 84 + 3*m**2. Give a(-3).
-6
Let x(q) = -5*q**3 + 8*q. Let i(u) = 14*u**3 - u**2 - 23*u + 1. Let c(y) = -6*i(y) - 17*x(y). What is c(-5)?
9
Let a(z) be the first derivative of -z**3/3 + 3*z**2/2 + 5*z - 39. Determine a(4).
1
Let c(g) = -g**3 + 7*g**2 - 8*g + 8. Let n be -4 + (17 + -4 - 3). What is c(n)?
-4
Suppose 10 = -3*r - 11. Let n = 2 + r. Let g(y) = -3*y**3 + 10*y**2 + y - 2. Let q(t) = 5*t**3 - 19*t**2 - 3*t + 3. Let w(b) = -7*g(b) - 4*q(b). Determine w(n).
2
Suppose 5*h - 5 - 5 = 0. Suppose 4*j - 12 = -3*r, 0*j - h*j = -4*r - 6. Let c(k) = k**3 - 16. Give c(r).
-16
Let m(a) be the first derivative of 3*a + 3/2*a**2 + 1/3*a**3 + 1. Suppose -2*o - 3*v = 3*o + 32, -v = 5*o + 24. What is m(o)?
7
Let q(y) be the first derivative of -3*y**2/2 - 1. Let f be q(1). Let p(o) = -o - 2. Determine p(f).
1
Let i(o) = -o**3 - 3*o**2 + 2*o + 3. Let h = -1 - 4. Let l = -7 - h. Determine i(l).
-5
Let r(k) = 3*k + 1. Let y be r(1). Let v(w) = -3 - 2*w**3 - 2*w - 3*w + 5*w**2 - 2*w**3 + 3*w**3. Calculate v(y).
-7
Let q(j) be the second derivative of -j**3/6 + 2*j**2 + 4*j. Determine q(2).
2
Let y(k) = -k - 4. Let z(f) = 3*f + 8. Let o(m) = -5*y(m) - 2*z(m). Calculate o(-3).
7
Let h = -15 - -11. Let m(o) = -o**2 - 6*o - 1. Calculate m(h).
7
Let z(q) = -q**3 - q**2 + 3*q + 1. Let b be (-2 - 0)*(-5)/(10/(-3)). Give z(b).
10
Let v(g) = g + 3. Let x(y) = -2*y + 12. Let k be x(-9). Suppose 5*u + k = 3*t, -6*t + 3*t = 2*u - 9. What is v(u)?
0
Let n be 70/4 - 2/4. Let a(j) = -5*j**3 - 6*j**2 - 7*j + 9. Let b(o) = -14*o**3 - 17*o**2 - 20*o + 26. Let t = 26 + -32. Let l(q) = n*a(q) + t*b(q). Give l(0).
-3
Let x(r) = r - 6. Let t be (-2)/6*(-15 + 3). Let o be x(t). Let c be o - (-3)/(-2 - 1). Let k(b) = -b - 3. Give k(c).
0
Let w(q) = q**3 + q**2 + q - 1. Suppose -3*h - h = 16. Let r(u) = 2*u**3 + 2*u - 1. Let c(g) = h*w(g) + 3*r(g). Determine c(2).
5
Let y = 10 + -15. Suppose 0 = m - 2*m - 1. Let t(w) = w**3 - 6*w**2 - 5*w + 5. Let g(h) = -h**3 + h - 1. Let v(n) = m*t(n) - 2*g(n). Give v(y).
7
Let s(y) = -2*y. Let a be s(2). Let k(v) be the second derivative of -7*v**3/6 + 5*v**2/2 - v. Let g(l) = -6*l + 5. Let r(x) = a*k(x) + 5*g(x). Determine r(6).
-7
Let o(d) = -9*d**2 + 2*d - 1. Suppose -3*u + 11 = 2*r, 0*u - u - 1 = -4*r. Let w be (0 + r)*(-3)/(-3). Give o(w).
-8
Let i be 4/18 + (-25)/(-9). Suppose 13 = -i*h - 2. Let d(n) = n**3 + 5*n**2 + 5. Give d(h).
5
Let d(a) = -a**3 + 2*a**2 + 3*a - 3. Let r = 56 - 54. Determine d(r).
3
Let m(l) be the first derivative of 2*l**2 + l - 29. Calculate m(-2).
-7
Let i(h) be the first derivative of 1 + 0*h + 1/2*h**2. Let t be i(2). Let b(x) = -2*x**2 + 1. Calculate b(t).
-7
Let c(g) = g + 8. Let v be c(-6). Suppose -v*i - 7 = 3. Let u(q) = q**2 + 3*q. Give u(i).
10
Let b(c) = c + 3. Let i(t) = 2*t + 17. Let v be i(-10). Let j(k) = -2. Let m(w) = v*b(w) - 4*j(w). Suppose -2*f - 5 = -1. Calculate m(f).
5
Let p(w) be the second derivative of 11*w**3/6 - w**2/2 + 16*w. What is p(-1)?
-12
Let b(k) = k**2 - 10*k + k - 2 - 6. Let v be b(10). Suppose 2*p = -2*f - 8, v*f + 2 = -4*p - 10. Let z(t) = t**3 + 3*t**2 + 2*t + 1. What is z(f)?
1
Let o(a) = a**2 - 2*a - 4. Suppose 5*v + 4 = 19. Suppose 0 = 2*q - v*q + 3. Give o(q).
-1
Let i(u) be the third derivative of u**7/840 + u**6/120 + u**5/40 - u**4/24 - u**3/6 + 3*u**2. Let b(l) be the first derivative of i(l). Determine b(-3).
-10
Let h(p) = -p**3 - 4*p**2 - 3*p + 1. Let t be h(-3). Let i(l) = t - l + 2*l**2 + 0*l**2 - 4*l**2. Suppose -k = -3*k - 4. What is i(k)?
-5
Let j(o) = 2*o**2 + 2*o - 13. Let z(i) = i**2 + i - 7. Let m(r) = 3*j(r) - 5*z(r). Let p = -3 - -6. Calculate m(p).
8
Let v = -5 - -8. Suppose v*z + 0 - 6 = 0. Let j(l) = z*l + 2 + 0 + 0*l. Calculate j(2).
6
Suppose -2*p - 9 = -5*p. Let r(f) = -2*f - 8*f**3 + 7*f**3 - 5*f**2 + p + 4*f. Give r(-5).
-7
Let j(g) = g**2 + g + 7. Let l = 14 - 9. Let h = l + -5. Give j(h).
7
Let b(n) be the third derivative of -n**4/12 - 19*n**2. Calculate b(-1).
2
Let k(o) = -3 + 2*o + 2*o**2 + 8*o**3 + 6*o**3 + 3*o**2 - 13*o**3. Let h be 1/3 - 26/6. Give k(h).
5
Let b(l) = 3*l - 2*l**2 + 0*l**2 + l**2 + 2. Let c be (7 + -1)*3/6. Let a be -2 + 1*(c - -3). Determine b(a).
-2
Let v(p) be the second derivative of p**4/12 + p**3/2 - 3*p**2 + 19*p. Give v(-5).
4
Let s(u) = -u**2 - u + 1. Let f be s(0). Let d(b) = 13*b**2 - 7*b**2 - 4*b**2 + 2*b - b - 1. What is d(f)?
2
Let d = -6 - -2. Let v(t) = 11*t**3 + 13*t**2 - t - 7. Let r(u) = -5*u**3 - 6*u**2 + u + 3. Let i(h) = -9*r(h) - 4*v(h). What is i(d)?
-11
Suppose 8 + 4 = 4*a - 5*g, 4*g = 0. Suppose 0 = m - 1 - 1. Let o(b) = -3*b**3 + 2*b - 5*b - 3 + m*b**3 + 5*b**2. What is o(a)?
6
Let p = -3 + 8. Let c(i) = -i**2 - i + 1. Suppose -4*n = -m - 8*n - 3, 0 = -4*n. Let b(s) = 2*s**2 + 7*s - 4. Let z(g) = m*c(g) - b(g). What is z(p)?
6
Let c(t) = 3*t + 6. Let k(p) = -2*p - 3. Let o(r) = 3*c(r) + 5*k(r). Let z be ((-3)/(-6))/((-2)/20). Give o(z).
8
Let p(t) = -t**3 - 6*t**2 + 6*t - 10. Let y be p(-7). Let k be 6/15 + 22/(-5). Let r = y - k. Let a(o) = 5*o**2 + 2*o - 1. What is a(r)?
6
Let x(m) be the first derivative of -3*m**2/2 + 5*m + 7. Determine x(4).
-7
Let v be -12*(-3)/6 + 3. Let c = v - 6. Let h(s) be the first derivative of s**4/4 - s**3/3 - 2*s**2 + 10. What is h(c)?
6
Let w(r) = r**3 + 2*r**2 + r - 3. Let l(m) = -m**2 + 5*m - 6. Let i be l(4). Let y be w(i). Let c(f) = -f**2 - 3*f - 2. Determine c(y).
-12
Let k(q) = -q - 3. Let u be k(-6). Let r(v) = 9*v - 3. Determine r(u).
24
Let y(h) = -2*h + 3*h + 5 - 2*h. Let q = -14 + 9. What is y(q)?
10
Let u = 96 + -96. Let v be ((-2)/4)/((-2)/4). Let x(l) = 2 - l - v - 2. Give x(u).
-1
Suppose k - 25 = 4*v - 0*k, 0 = -5*v - k - 20. Let s = v + 2. Let r(z) = -z**3 - 4*z**2 - 4*z. Give r(s).
3
Let u(s) = 2*s**2 + 8*s - 2. Let p(r) = r**2 + 4*r - 1. Let c(k) = 7*p(k) - 4*u(k). Deter